l) = o*z(l) - 4*r(l). What is p(4)?
6
Let u(a) = 11*a - 4*a - a - 5*a. Suppose 0*h - 6 = 2*h, -6 = 3*c + 5*h. Calculate u(c).
3
Suppose -a = -b - 2, 33 = 4*a + 4*b - 3*b. Let u(d) = d**3 - 7*d**2 - d + 1. Determine u(a).
-6
Let x = -9 + 15. Suppose 4*j = 4*u + 2*j + x, 4*j + 12 = 0. Let m = u - -6. Let s(d) = 2*d**2 - 4*d + 1. Determine s(m).
7
Let r = 1 - -5. Let g(z) = 0*z - 1 - z**3 + 0 - z + r*z**2. Determine g(6).
-7
Let u(i) = 4*i - 8. Let v = -10 - -16. Determine u(v).
16
Let d(b) = b**3 - 5*b**2 + 5*b - 4. Let a be (-4)/3*3*1. Let g = 8 + a. What is d(g)?
0
Let k(o) = -6 - o**3 - 5*o**2 + 7*o - 1 - 1. Determine k(-6).
-14
Let m(w) = w**2 + 1. Let f be m(-1). Let o = f + 1. Suppose 5*v = 2*g - 1 - 22, -g = o*v + 16. Let q(k) = 8*k**3 - k**2 - k. Calculate q(g).
-8
Let x(a) = -6*a**3 - a**2 + a + 1. Suppose 3*o + 21 = -4*v, 3*o + 12 = 2*v - 3*v. Let w = 2 + o. Let m be x(w). Let u(j) = -j**2 + 7*j - 3. Give u(m).
7
Let a(u) = -u**2 - 4*u - 1. Let f(t) = 8*t - 35. Let b be f(4). Calculate a(b).
2
Let r(x) be the second derivative of -x**3/2 - 3*x**2/2 - 6*x. Calculate r(-3).
6
Let j(y) = -10 + 0*y**2 + 10 - y**2 + 6*y + 4. Determine j(5).
9
Let c(k) = -k**2 + 6*k - 4. Let u be c(2). Let i(l) = 2*l**2 - 7*l + 6. Give i(u).
10
Suppose 4*g + 3 = -4*w - 1, 0 = -3*w - 4*g - 3. Let a(p) = p**2 + p. Calculate a(w).
0
Suppose 0 = 2*p - 2*d + 16, d = -5*p - 47 + 7. Let x(a) = -a + 6. Determine x(p).
14
Let b(g) = 11*g**2 + 13*g - 8. Let z(n) = -5*n**2 - 6*n + 4. Suppose -14 = 5*s + 6. Let a(q) = s*b(q) - 9*z(q). Determine a(-4).
4
Let d(r) = -r**3 + 4*r**2 + 5*r + 3. Let z(k) = -k**3 - 9*k**2 - 7*k + 11. Let f be z(-8). Suppose -4*o - 23 = -7*o + 4*l, l + 17 = f*o. Determine d(o).
3
Let c(x) = 4*x - 12. Let b(y) = 2*y - 6. Let w = -6 - 10. Let z be (0 + -1)*w/(-4). Let l(q) = z*c(q) + 9*b(q). What is l(4)?
2
Suppose 0 = 3*s - 2*s + 3. Let q be (-5)/1 - 6/s. Let f(d) be the third derivative of d**6/120 + d**5/30 - d**4/24 - d**3/3 + d**2. What is f(q)?
-8
Let c be (3 - 1 - 1)*1. Let t be ((-1)/3)/(c/(-9)). Let d(k) = 0*k**2 + k**2 - 4 - k + 0*k**2 - 2*k. Calculate d(t).
-4
Let f(c) = c**3 + c**2 - 5. Let j = 0 + -3. Let w = -3 - j. Let z be (w/(1 + 0))/(-1). Determine f(z).
-5
Let r(z) be the third derivative of z**4/24 - z**3/6 - 3*z**2. Let l be 10/8 - 4/16. Calculate r(l).
0
Let o be ((-3)/2)/((-15)/20). Let r(i) = 0*i**2 - 2*i - 1 - i**o + 0*i**2 + i. Give r(2).
-7
Let p(y) = -y**2 + 9*y - 3 - 5*y**2 + 7*y**2 - 3*y**2. Determine p(6).
-21
Let h(g) = -g**2 + 6*g - 3*g + 0*g - 1. Suppose -3*f = 19 - 31. Give h(f).
-5
Let k(l) = -l - 6. Let m = 5 - 8. Determine k(m).
-3
Let p(j) = -j**3 - j**2 - j - 2. Let v be 2/((-6)/4 - (-10)/4). Calculate p(v).
-16
Let c(b) = -7*b**3 + 6 - 6*b**2 - 14*b**3 - b + 22*b**3 + 0*b**2. Let d be (-2)/(-4)*(0 - -12). Calculate c(d).
0
Let j(a) = -2*a**3 + 12*a**2 + 2*a - 3. Let r(c) = -c**3 + 6*c**2 + c - 2. Let o = 8 + -14. Let w(t) = o*j(t) + 13*r(t). Give w(6).
-2
Let j(h) = h. Let d(g) = 3*g - 1. Let w(t) = d(t) - 5*j(t). Give w(2).
-5
Let c = -23 - -28. Let k(h) = h**2 - 2*h - 2. Give k(c).
13
Suppose -12 + 22 = -2*w. Let k(l) = l**2 + 3*l. Calculate k(w).
10
Let c(m) be the third derivative of -m**5/60 - 7*m**4/24 - m**3/3 + 5*m**2. Suppose -3*f = 13 + 5. Determine c(f).
4
Let x = -15 - -19. Suppose -x*a - 3*j + 7 = 0, 0 = a - j - j - 10. Let k(p) = -2*p**2 + 5*p + 2. Determine k(a).
-10
Suppose -2*v = v. Suppose 5*z - 10 + 45 = v. Let j = 2 + z. Let a(f) = -f - 8. What is a(j)?
-3
Let k(f) be the first derivative of 4 + 9*f - 3 - f**2 - 3*f. Suppose 0*r = 2*r - 8. Calculate k(r).
-2
Let m(o) be the third derivative of o**6/360 + o**5/60 + o**4/24 + 2*o**3/3 + 5*o**2. Let j(z) be the first derivative of m(z). Determine j(-1).
0
Suppose 0 = 4*t + t - 65. Suppose -5*o = -t - 7. Let s(i) = -7*i + o*i + 8*i + 1 - i**2. What is s(6)?
-5
Let v(j) = -j**3 - 2*j**2 - 2*j + 1. Let i = 48 - 50. What is v(i)?
5
Let p(z) = z. Let h(g) = -1 - 2 + g + 4 + 6. Let n be h(-5). Let c be ((-1)/n)/((-9)/(-90)). Calculate p(c).
-5
Let b(n) = n**2 - 8*n + 3. Let g be b(8). Let o(w) = 0*w**3 - 2*w + 2*w**3 + 7 - w**3 + g*w. Give o(0).
7
Let y(u) = -u**3 - 4*u**2 + 7*u + 7. Let t be 2/(-2 + 16/10). Calculate y(t).
-3
Let a(y) = -2*y - 10. Let t be a(-7). Let b(c) = -5*c + 14*c - 4*c - t*c**3 - 6*c. Calculate b(-1).
5
Let n(a) be the first derivative of a**3/3 - 3*a**2 + 9*a + 5. Determine n(6).
9
Let v(m) = 26*m + 16. Let k(j) = 5*j + 3. Let a(l) = -11*k(l) + 2*v(l). Calculate a(2).
-7
Let r(n) be the second derivative of -n**3/6 - n**2 - 5*n. Determine r(7).
-9
Let i(a) = -9*a - 2. Let o be i(-2). Let x = -10 + o. Suppose -s = -x*s. Let l(c) = -c + 9. Give l(s).
9
Let a be (0 - -3) + 1 - 0. Suppose -a*o = -12, -2*h + o + 5 + 0 = 0. Let y(z) be the second derivative of z**4/12 - z**3/2 - 3*z**2/2 - z. What is y(h)?
1
Let d = -13 - -15. Let p(j) = -j**2 + 2*j + 9*j - 6*j + d*j**2. Determine p(-6).
6
Let k(d) = -d**2 - 2*d - 1. Let a be k(-3). Let b(i) = -2*i**2 - 6*i. Calculate b(a).
-8
Let t = 10 - 8. Let m(q) = t*q - 7 - q + 2. Let d = -2 + 2. Give m(d).
-5
Let i(f) = -f**3 - f. Let q be i(-1). Let g(m) = -m**3 + 4 - 5 + 3*m**2 - 3*m + 3*m. Calculate g(q).
3
Let s(m) be the second derivative of m**4/2 - m**3/6 + m**2/2 + m. Let c = 0 + 14. Let d = -13 + c. What is s(d)?
6
Let r be (0/2)/1 - 5. Let s(f) be the third derivative of -2/3*f**3 + 3*f**2 + 0*f + 0 - 1/24*f**4. Give s(r).
1
Let z(t) = t**2 + 4*t - 1. Let v(f) = f**2 + 5*f - 1. Let l(n) = -3*v(n) + 2*z(n). Give l(-6).
7
Let y be -1 - (-2 + 0 - -35). Let a be 6/10 - y/10. Let w(g) = -g**3 + 5*g**2 - 7*g + 5. Calculate w(a).
-7
Let u(i) = 0*i**2 + 17*i**3 + 0*i**2 + 60 - 59. Give u(-1).
-16
Let t = -9/26 - -121/312. Let a(h) be the third derivative of 0*h + 0*h**3 - 4*h**2 + t*h**4 + 0. What is a(-3)?
-3
Suppose j = -2*b + 3 - 5, -3*b = j + 5. Let n = b - -5. Let t(a) = a**2 + 3. Let r(w) = 2*w**2 - w + 4. Let z(p) = -3*r(p) + 4*t(p). What is z(n)?
-2
Let l(w) be the first derivative of -w**4/4 + 7*w**3/3 - 5*w**2/2 + 5*w - 5. Give l(6).
11
Let q(h) = 0 + 8*h**2 - 1 - 2*h**2 - h. Suppose 0 = -0*l + 4*l + 4. Let f = -2 - l. What is q(f)?
6
Let j(c) be the first derivative of c + 2. Let a(y) = -y**2 - 4*y + 5. Let v(o) = -a(o) + 5*j(o). Give v(-4).
0
Let x(q) = q**2 + 6*q - 4. Let c(f) = f. Let n(i) = 6*c(i) - x(i). What is n(3)?
-5
Let w(m) = -9*m**3 - m - 1. Let j = -19 - -11. Suppose a + 2*u + 0 + 1 = 0, -a + 3 = u. Let f = j + a. Determine w(f).
9
Let v = 1 + -1. Suppose f + 0*f = v. Let r(a) be the first derivative of -a**3/3 + 6*a - 1. Determine r(f).
6
Let n(y) = 6*y - 1. Let c be 111/21 + (-4)/14. Let w(r) = -13*r + 2. Let l(t) = c*n(t) + 2*w(t). Calculate l(2).
7
Let g(l) = 4*l - 14. Let f(t) = 15 - 8*t + 2*t + t. Let m(n) = 3*f(n) + 4*g(n). What is m(0)?
-11
Let s(w) be the third derivative of w**6/120 + w**5/30 - w**4/8 + 2*w**3/3 - 28*w**2. Give s(-4).
-16
Let z(v) = 3*v**2 + 2 - v**3 + 0 - 3*v + 0*v**3. Let i be z(2). Let w(r) = -r + 0*r + i*r. Calculate w(-1).
1
Let n(i) be the first derivative of i**5/60 + 2*i**3/3 + 2. Let t(a) be the third derivative of n(a). What is t(-1)?
-2
Let n be (-2)/10 - (-328)/40. Let p(x) = x**2 - 8*x + 1. What is p(n)?
1
Let x = -61 - -67. Let n(r) = -r**3 + 7*r**2 - 6*r - 7. What is n(x)?
-7
Suppose -3 = z - 2. Let d be (1 - 2) + 4 + z. Let n(q) = -1 - 5*q - 3 - d*q - q**2. Determine n(-5).
6
Let m(a) be the third derivative of a**5/60 - a**4/24 - a**3/3 - a**2 - 20. What is m(3)?
4
Let y be (-14 - 2)/2 - 0. Let g = y - -9. Let b(i) be the first derivative of -9*i**4/4 + i**3/3 + i**2/2 - i + 2. What is b(g)?
-8
Let j(v) = -v**2 - 5*v - 1. Let r be j(-4). Let n be (-10)/(-35) + 26/7. Let u(d) = 2*d - d**2 - n*d + 2*d + 4. Calculate u(r).
-5
Let l(x) be the first derivative of -x**3/3 + 2*x**2 - 7*x + 8. Calculate l(6).
-19
Let j(a) be the third derivative of -a**6/120 - a**5/20 + a**4/4 + a**3/2 + 9*a**2 + 1. What is j(-4)?
-5
Let k(n) = n + 9. Let y(u) = -u - 5. Let l = 16 - 11. Let t(h) = l*y(h) + 3*k(h). Give t(3).
-4
Let t(a) = a**3 + 11*a**2 - 11*a + 18. Let h be t(-12). Let u(z) = -z**2 + 6*z + 4. Give u(h).
4
Let p(x) = -x**2 - 7*x - 8. Let h(s) = 2*s**2 + 11*s + 15. Let c(t) = -4*h(t) - 7*p(t). Suppose 2*n = 3*n - 3. Give 